 45. Let q be 5/((-15)/(-72)) - (-4)/b. Let o(a) = a**2 - 23*a - 23. List the prime factors of o(q).
5, 11
Let h(o) = 2*o**2 + o + 182. Let g be h(0). Suppose 13*v - g = 11*v. List the prime factors of v.
7, 13
Let g(t) = -t**3 - 22*t**2 - 23*t - 31. Let u be g(-21). Suppose -u*o + 5002 - 965 = 0. List the prime factors of o.
367
Suppose 52 + 208 = 5*v. Let r be (46/(-4))/((-294)/48 - -6). Let y = r - v. What are the prime factors of y?
2, 5
Let a = 95120 - 58673. List the prime factors of a.
3, 12149
Let f = -72 + 75. Suppose -4*n - f*v - 6 = -26, 0 = -n - 5*v + 22. Suppose 49 = n*u + 7. List the prime factors of u.
3, 7
Suppose -11 = -w + 2*k, -6 = w + 4*k + 1. Let z(n) = -n - n**2 + 2 + w*n**2 + 2*n**2. What are the prime factors of z(-4)?
2, 3, 17
Let f be 1459*1*(6 - 7). Let b = -388 - f. What are the prime factors of b?
3, 7, 17
Suppose 0 = x - 2*v - 5, 12*x = 13*x + 3*v. What are the prime factors of 0 + 79 - (-1 + x + 0)?
7, 11
Let v be (-250)/(-250) + (58/1)/1. Suppose -176 = 2*g - 3*q, -2*g + 3*q = 2*g + 352. Let j = v - g. What are the prime factors of j?
3, 7
Let x(u) = -32*u - 44. Let s be x(-10). Suppose -4*g - s = -1920. What are the prime factors of g?
3, 137
Let y(v) = 31*v**2 - 4*v - 27. Suppose u - 28 + 20 = 0. List the prime factors of y(u).
5, 7, 11
Suppose -8*r = -11*r + 6. Suppose -r*u + 0 + 4 = 0. List the prime factors of (3 + 60 - -4) + u.
3, 23
Let t = 59095 - 37098. What are the prime factors of t?
21997
Let s(l) = 6*l + 6. Let b be s(-6). Let q be 57*6/27*b/(-4). What are the prime factors of (-3)/((-6)/440)*38/q?
2, 11
Let n(q) = 2*q**2 + 9*q - 38. Let o be n(-22). Suppose -4*r = -3412 + o. What are the prime factors of r?
2, 5, 67
Let d(r) be the second derivative of r**5/20 - 11*r**4/24 + 3*r**3 + 7*r**2/2 + 24*r. Let p(v) be the first derivative of d(v). List the prime factors of p(8).
2, 61
Let y(h) = 61*h**3 - 3*h - 3*h**2 + h - 62*h**3 + 2*h**2 + 435. Let f be y(0). Suppose -7*v = -4*v - f. What are the prime factors of v?
5, 29
Let j = -28753 + 42402. What are the prime factors of j?
13649
Let d(t) be the third derivative of -7*t**6/60 - 7*t**5/60 + t**4/6 - 2*t**3/3 - t**2 + 144. List the prime factors of d(-4).
2, 191
Suppose 128397 = 350*a - 237464 + 23561. List the prime factors of a.
2, 3, 163
Suppose -5*q + 6179 = 3*x - 50922, 5*q - 5*x = 57085. What are the prime factors of q?
19, 601
Let j = 356 + 3194. What are the prime factors of j/4 - (-7)/14?
2, 3, 37
Let d(p) = 2*p**3 + 2*p**2 + 3*p - 2. Let k be d(3). Let h = -739 + 741. Suppose -l - 53 = -h*r - 0*l, l + k = 3*r. What are the prime factors of r?
2, 13
What are the prime factors of (-2 + 4 - 79272)*(-15)/(-120)*-4?
5, 7927
Let p(d) = 2*d**2 + 274*d - 6823. What are the prime factors of p(27)?
19, 107
Suppose 0*a + 10*a - 80 = 0. Let l be a + -11 + (2 + 6)*4. Suppose 23*z = l*z - 1776. What are the prime factors of z?
2, 37
Suppose 3*b = 4*a + 3, -2*b + 4*a = 6*a - 16. Let n be b/(105/6) + 408/42. Let s = n + 146. List the prime factors of s.
2, 3, 13
Let i = 23593 + -17094. List the prime factors of i.
67, 97
Let c = 22515 - 3659. What are the prime factors of c?
2, 2357
Let p be (-1)/4 - (-3)/12. Let z be -135 + 1 + -1 + p. Let l = -48 - z. What are the prime factors of l?
3, 29
Let k(z) = -2*z**3 - 35*z**2 + 344*z + 81. What are the prime factors of k(-33)?
2, 3, 937
List the prime factors of 4 + (-377)/78 - (-2526324)/72.
13, 2699
Let m = -15390 + 15776. What are the prime factors of m?
2, 193
Let v = 59185 + -6912. What are the prime factors of v?
13, 4021
Let n = -15 + -57. Let w = n + 74. Suppose -2*l + 2*c + 440 = 0, w*c - 235 = -2*l + l. What are the prime factors of l?
3, 5
Let w(q) = -2*q + 30. Let n be w(16). List the prime factors of (n/4)/(11/(-6666)).
3, 101
Let r(c) = 7*c**2 + 29*c + 7. Let m(k) = -k**2 + 1. Let b(g) = -6*m(g) - r(g). Suppose 13*z + 534 - 222 = 0. What are the prime factors of b(z)?
107
Let g(t) = 4*t**3 + 10*t**2 - 87*t - 41. What are the prime factors of g(14)?
11677
Let f = 748 + 5054. List the prime factors of f.
2, 3, 967
Suppose 3*y + 531 = 543. Suppose -2*r + 922 = 4*x, -2*r + 201 - 1135 = -y*x. List the prime factors of x.
2, 29
Let i(q) = -34255*q**3 - 5*q**2 - 46*q - 40. List the prime factors of i(-1).
2, 2141
Suppose -4*r + 5*d = -20, -1 + 6 = r - d. Suppose -2*t + r*a + 213 = -868, -5*t = a - 2689. What are the prime factors of t?
2, 269
Let b(n) = 200*n**3 + 23*n**2 + 21*n - 20. Let i(f) = 67*f**3 + 8*f**2 + 7*f - 7. Let m(o) = -4*b(o) + 11*i(o). List the prime factors of m(-2).
5, 101
Let i(h) = -9794*h + 18089. List the prime factors of i(-6).
7, 10979
Let w = 56126 + -33117. List the prime factors of w.
7, 19, 173
Suppose 5*w - 139 = -174. What are the prime factors of (-104970)/(-105) + (-2)/w?
2, 5
Let h be (-3 - -1) + ((-705752)/(-8) - -7). List the prime factors of h/208 - 6/39.
2, 53
Let a = -15 + 17. Let u be 3 + 1 - (2 - a). Suppose -58 = -f + 2*r, -u*f + 9*f = -4*r + 346. What are the prime factors of f?
2, 3, 11
What are the prime factors of 90/510 - 303430/(-17)?
13, 1373
Suppose -3 = -i + 8. Suppose 6*t - i*t = -85. Let s = t + 25. What are the prime factors of s?
2, 3, 7
Let p be ((-3)/(-4))/(2/8). Suppose 5*d - 20 = 5*r, 3 = 2*d - p*r - 5. Suppose x = 3*m - 2*x - 126, 2*x - 156 = -d*m. What are the prime factors of m?
2, 5
Let h = 26 - 23. Suppose -h*j - 174 = -3*m, 6*j = -2*m + 4*j + 112. Let y = 147 - m. List the prime factors of y.
2, 3, 5
Let y(m) be the third derivative of m**4/3 + 7*m**3/2 + 20*m**2. Let f be y(-6). Let i = f + 29. List the prime factors of i.
2
Let w = -59587 + 83654. List the prime factors of w.
41, 587
Let u(w) = -w**3 - 8*w**2 + 23*w + 1. Let x be u(6). Let l = x - -828. List the prime factors of l.
463
Let h be 9/4 + (-3)/12. Suppose 4*y + h*l = -0*l + 8, -7 = -3*y - l. Suppose -9 = -3*k - y*z + 27, -k + z + 6 = 0. What are the prime factors of k?
3
Let r(n) = n**2 - 14*n + 24. Let c be r(12). Suppose 4*y + 36 = 4*a, c = -2*a - 2*a - 5*y. Suppose -a*i + 2*i = -99. What are the prime factors of i?
3, 11
Let o(g) = -39272*g + 4198. What are the prime factors of o(-2)?
2, 11, 3761
Suppose -3*r + 14 = 4*w, -2*r - 28 = 3*w - 38. Suppose r*x = 3*f - 972, f - 5*x - 659 = -f. What are the prime factors of f?
2, 7, 23
What are the prime factors of -3 - ((-9 + -55)/(-8) + -39305)?
2, 3, 37, 59
Let x(f) = 2*f - 2. Let h be x(3). Suppose -20 = h*l, -20 = v + 2*l + 2*l. What are the prime factors of 4/18 - v - 12130/(-90)?
3, 5
Let a(u) = -u**2 - 10*u - 18. Let i be a(-3). Suppose 78 = i*c - 291. List the prime factors of c.
3, 41
Let u(m) = 5*m**2 - 7*m + 4. Let q be u(3). Let w = q + -33. Let n(p) = 2*p**2 - p + 2. List the prime factors of n(w).
3, 19
Suppose -5*c + c + 2*o + 4 = 0, 2*c - 5*o = -6. Suppose -a + 4*n + 217 = 0, 5*n - 651 = -5*a + c*a. What are the prime factors of a?
7, 31
Suppose -3*g - 7*g + 30 = 0. Suppose -g*f + 175 = 4*f. What are the prime factors of 5/f - (544/(-5) + -3)?
2, 7
Let t = -2520 - -4090. Suppose l + 2*s - 395 = 0, 4*l + 2*s - t = -s. What are the prime factors of l?
17, 23
Let i = 1845 + -702. List the prime factors of i/3 - 1 - 6.
2, 11, 17
Let i be 3/(-6) + (-5706)/(-12). Let o = i - 4. What are the prime factors of o?
3, 157
Let s(y) = y**2 - 21*y + 46. Suppose 0 = 3*a - 10*a + 182. Let o be s(a). Suppose -6*d + o = -340. What are the prime factors of d?
2, 43
Let z be (9/6)/(0 + 3/(-8)). Let l be (-6)/z - (-56)/16. Suppose -7*b + 431 = -3*b - l*w, b = w + 108. List the prime factors of b.
109
Suppose i = 2*b + 1909, 5*b + 5767 = 3*i + 7*b. List the prime factors of i.
19, 101
Let h(l) = -19*l**3 - 26*l**2 + 8*l + 40. Let u be h(-6). Suppose 15*k = u + 11075. What are the prime factors of k?
13, 73
Let g(i) be the first derivative of 1/3*i**3 + 1/2*i**2 - 6 + 2*i - i**4. List the prime factors of g(-3).
2, 29
Suppose 13*k - k = 21600. Suppose -37*w - k = -52*w. What are the prime factors of w?
2, 3, 5
Let w(s) = s**2 + 52*s - 406. List the prime factors of w(-77).
7, 31
Let z(i) = 9 + 6*i + 2*i**3 + 1 - 2 - 10*i**2 + 0. List the prime factors of z(8).
2, 5, 11
Let l be (40/25)/(4/2060). Let c = l - 240. List the prime factors of c.
2, 73
Let m be 4/(-12)*(-24 + -6). What are the prime factors of 4*1/(-6)*(-1965)/m?
131
Let 